of 381662705?
2
What is the hundred thousands digit of 115910308?
9
What is the ten thousands digit of 771570476?
7
What is the ten millions digit of 60917078?
6
What is the hundred millions digit of 717483774?
7
What is the hundred thousands digit of 770034853?
0
What is the units digit of 27527513?
3
What is the hundred thousands digit of 8370624?
3
What is the ten millions digit of 492781193?
9
What is the ten thousands digit of 74048773?
4
What is the millions digit of 56973433?
6
What is the millions digit of 47739487?
7
What is the units digit of 5329516309?
9
What is the ten millions digit of 109188866?
0
What is the thousands digit of 2687110263?
0
What is the hundred thousands digit of 71882775?
8
What is the units digit of 58809568?
8
What is the hundreds digit of 2970252499?
4
What is the ten millions digit of 298934322?
9
What is the hundred thousands digit of 19858493?
8
What is the tens digit of 1527162240?
4
What is the thousands digit of 51410431?
0
What is the units digit of 43581912?
2
What is the hundred millions digit of 140090301?
1
What is the ten millions digit of 409816491?
0
What is the ten thousands digit of 682858721?
5
What is the tens digit of 51157852?
5
What is the hundred thousands digit of 940296574?
2
What is the tens digit of 236573433?
3
What is the ten millions digit of 9321486085?
2
What is the millions digit of 435679062?
5
What is the millions digit of 855702154?
5
What is the hundred millions digit of 270511578?
2
What is the ten thousands digit of 5512815861?
1
What is the tens digit of 165821033?
3
What is the hundred millions digit of 143898262?
1
What is the ten thousands digit of 176052996?
5
What is the ten thousands digit of 292573322?
7
What is the ten thousands digit of 999882391?
8
What is the thousands digit of 59197748?
7
What is the ten thousands digit of 113194820?
9
What is the hundred millions digit of 344426372?
3
What is the hundred thousands digit of 1824070499?
0
What is the millions digit of 260264254?
0
What is the millions digit of 2504911659?
4
What is the ten thousands digit of 78140789?
4
What is the hundred millions digit of 2056723750?
0
What is the units digit of 304805984?
4
What is the hundred thousands digit of 1532525340?
5
What is the tens digit of 109736705?
0
What is the billions digit of 2204505814?
2
What is the billions digit of 4145740793?
4
What is the hundreds digit of 1308476719?
7
What is the hundreds digit of 881285172?
1
What is the thousands digit of 7695205?
5
What is the thousands digit of 3627773325?
3
What is the hundred millions digit of 160350353?
1
What is the hundred thousands digit of 8198903?
1
What is the millions digit of 22032592?
2
What is the ten millions digit of 44485721?
4
What is the thousands digit of 185269979?
9
What is the thousands digit of 22428103?
8
What is the ten thousands digit of 1756042027?
4
What is the ten millions digit of 34515985?
3
What is the ten millions digit of 90126035?
9
What is the ten thousands digit of 517026299?
2
What is the hundred thousands digit of 349691904?
6
What is the hundred millions digit of 202369908?
2
What is the hundreds digit of 449078848?
8
What is the thousands digit of 128479886?
9
What is the hundred thousands digit of 1653106525?
1
What is the hundred millions digit of 332088745?
3
What is the ten thousands digit of 1385984821?
8
What is the hundred thousands digit of 5974563877?
5
What is the hundred millions digit of 428563544?
4
What is the hundreds digit of 28851855?
8
What is the ten thousands digit of 796763606?
6
What is the hundreds digit of 431458673?
6
What is the tens digit of 120878513?
1
What is the tens digit of 9006973261?
6
What is the ten millions digit of 353966334?
5
What is the units digit of 547255614?
4
What is the millions digit of 166880778?
6
What is the ten thousands digit of 4634042446?
4
What is the millions digit of 892853226?
2
What is the hundreds digit of 361416569?
5
What is the millions digit of 219966013?
9
What is the ten thousands digit of 2088000183?
0
What is the thousands digit of 23442015?
2
What is the units digit of 388199954?
4
What is the ten thousands digit of 24275664?
7
What is the hundred thousands digit of 2197882758?
8
What is the thousands digit of 41845907?
5
What is the ten thousands digit of 440434423?
3
What is the hundred thousands digit of 469442637?
4
What is the millions digit of 17013775?
7
What is the ten millions digit of 28780032?
2
What is the thousands digit of 1475433844?
3
What is the ten millions digit of 39675087?
3
What is the hundreds digit of 20284449?
4
What is the thousands digit of 1873537278?
7
What is the ten millions digit of 210183719?
1
What is the units digit of 41963065?
5
What is the ten millions digit of 546295646?
4
What is the ten thousands digit of 310462540?
6
What is the hundreds digit of 36644809?
8
What is the tens digit of 167239468?
6
What is the hundreds digit of 93404034?
0
What is the hundred millions digit of 802565881?
8
What is the thousands digit of 1845340627?
0
What is the tens digit of 173839153?
5
What is the units digit of 160119086?
6
What is the units digit of 1493200609?
9
What is the ten thousands digit of 80160102?
6
What is the thousands digit of 28493839?
3
What is the hundred thousands digit of 1063426417?
4
What is the hundred millions digit of 200269658?
2
What is the hundred millions digit of 528774822?
5
What is the units digit of 464928537?
7
What is the units digit of 65375080?
0
What is the hundred millions digit of 1708654927?
7
What is the thousands digit of 19334079?
4
What is the units digit of 288559919?
9
What is the hundreds digit of 936429558?
5
What is the millions digit of 121411582?
1
What is the thousands digit of 808321768?
1
What is the tens digit of 33781604?
0
What is the hundred thousands digit of 1535989892?
9
What is the hundred millions digit of 1379691086?
3
What is the hundred thousands digit of 1082708493?
7
What is the hundred millions digit of 384186583?
3
What is the tens digit of 54482947?
4
What is the thousands digit of 1126637355?
7
What is the tens digit of 593763928?
2
What is the units digit of 41121987?
7
What is the hundreds digit of 387409551?
5
What is the units digit of 29313520?
0
What is the hundreds digit of 50317672?
6
What is the thousands digit of 79473481?
3
What is the ten thousands digit of 1094389117?
8
What is the hundred thousands digit of 659727979?
7
What is the tens digit of 4598039?
3
What is the millions digit of 381583634?
1
What is the hundreds digit of 25586494?
4
What is the millions digit of 35646472?
5
What is the tens digit of 342551423?
2
What is the thousands digit of 50169241?
9
What is the hundred millions digit of 998171481?
9
What is the millions digit of 50251131?
0
What is the thousands digit of 60853383?
3
What is the ten millions digit of 5621371505?
2
What is the tens digit of 7255790320?
2
What is the units digit of 2028566097?
7
What is the units digit of 144529058?
8
What is the tens digit of 447839445?
4
What is the ten millions digit of 21144106?
2
What is the ten millions digit of 494324581?
9
What is the thousands digit of 1123590014?
0
What is the millions digit of 3951931038?
1
What is the hundred thousands digit of 26968028?
9
What is the tens digit of 198111975?
7
What is the millions digit of 60300265?
0
What is the units digit of 28306795?
5
What is the thousands digit of 1208773441?
3
What is the hundreds digit of 38378869?
8
What is the millions digit of 66056102?
6
What is the ten millions digit of 574860192?
7
What is the hundred thousands digit of 42947278?
9
What is the thousands digit of 490338269?
8
What is the ten thousands digit of 356463793?
6
What is the tens digit of 448892290?
9
What is the ten thousands digit of 577442998?
4
What is the ten millions digit of 158049485?
5
What is the millions digit of 23881475?
3
What is the ten thousands digit of 4996487604?
8
What is the millions digit of 1949930502?
9
What is the thousands digit of 171739187?
9
What is the millions digit of 644385892?
4
What is the ten thousands digit of 771500015?
0
What is the ten millions digit of 350322325?
5
What is the hundred millions digit of 255905899?
2
What is the hundreds digit of 85598